6?
62
What is the remainder when 4458 is divided by 321?
285
Calculate the remainder when 5909 is divided by 2874.
161
What is the remainder when 42993 is divided by 344?
337
What is the remainder when 121043 is divided by 28?
27
Calculate the remainder when 43896 is divided by 95.
6
Calculate the remainder when 4161021 is divided by 16.
13
Calculate the remainder when 3630 is divided by 3142.
488
What is the remainder when 182635 is divided by 117?
115
Calculate the remainder when 295150 is divided by 52.
50
Calculate the remainder when 15713 is divided by 5230.
23
Calculate the remainder when 287671 is divided by 41094.
13
Calculate the remainder when 19818 is divided by 2202.
0
What is the remainder when 1127 is divided by 1083?
44
What is the remainder when 1532 is divided by 356?
108
What is the remainder when 11733 is divided by 129?
123
What is the remainder when 11939 is divided by 58?
49
Calculate the remainder when 25808 is divided by 11.
2
Calculate the remainder when 1542 is divided by 42.
30
Calculate the remainder when 266105 is divided by 27.
20
What is the remainder when 5259 is divided by 1646?
321
Calculate the remainder when 874978 is divided by 60.
58
Calculate the remainder when 2026 is divided by 767.
492
What is the remainder when 119942 is divided by 63?
53
Calculate the remainder when 6435 is divided by 222.
219
Calculate the remainder when 498015 is divided by 41501.
3
Calculate the remainder when 25166 is divided by 2096.
14
What is the remainder when 54532 is divided by 568?
4
What is the remainder when 1211 is divided by 72?
59
Calculate the remainder when 368159 is divided by 61359.
5
What is the remainder when 7498 is divided by 686?
638
Calculate the remainder when 267725 is divided by 57.
53
What is the remainder when 3123 is divided by 82?
7
Calculate the remainder when 409147 is divided by 878.
877
Calculate the remainder when 19312 is divided by 53.
20
Calculate the remainder when 266133 is divided by 140.
133
What is the remainder when 389469 is divided by 27819?
3
Calculate the remainder when 11306 is divided by 45.
11
What is the remainder when 367 is divided by 359?
8
What is the remainder when 5646 is divided by 43?
13
What is the remainder when 32026 is divided by 5287?
304
What is the remainder when 7577 is divided by 7547?
30
Calculate the remainder when 50944 is divided by 2540.
144
What is the remainder when 5337 is divided by 1780?
1777
Calculate the remainder when 548810 is divided by 44.
42
Calculate the remainder when 1543 is divided by 72.
31
What is the remainder when 95531 is divided by 20?
11
What is the remainder when 6160 is divided by 4160?
2000
Calculate the remainder when 810329 is divided by 101290.
9
What is the remainder when 1340 is divided by 2?
0
Calculate the remainder when 532033 is divided by 41.
17
Calculate the remainder when 626188 is divided by 85.
78
What is the remainder when 9387 is divided by 469?
7
What is the remainder when 85044 is divided by 13?
11
What is the remainder when 492452 is divided by 23?
22
Calculate the remainder when 10745 is divided by 359.
334
What is the remainder when 35754 is divided by 322?
12
What is the remainder when 693 is divided by 324?
45
Calculate the remainder when 1936 is divided by 323.
321
What is the remainder when 58434 is divided by 231?
222
Calculate the remainder when 7319 is divided by 87.
11
Calculate the remainder when 571060 is divided by 884.
880
Calculate the remainder when 1829817 is divided by 73.
72
What is the remainder when 38683 is divided by 349?
293
Calculate the remainder when 2716 is divided by 1268.
180
Calculate the remainder when 362858 is divided by 59.
8
What is the remainder when 40961 is divided by 8192?
1
What is the remainder when 9674 is divided by 9659?
15
What is the remainder when 4921 is divided by 2447?
27
Calculate the remainder when 10358 is divided by 152.
22
Calculate the remainder when 78425 is divided by 110.
105
Calculate the remainder when 24011 is divided by 289.
24
Calculate the remainder when 2607 is divided by 681.
564
What is the remainder when 53976 is divided by 165?
21
Calculate the remainder when 2521843 is divided by 357.
352
Calculate the remainder when 15302 is divided by 3059.
7
Calculate the remainder when 7530 is divided by 2409.
303
What is the remainder when 8685 is divided by 241?
9
Calculate the remainder when 1377283 is divided by 31.
15
Calculate the remainder when 1185660 is divided by 118.
114
What is the remainder when 40067 is divided by 251?
158
What is the remainder when 5261 is divided by 834?
257
Calculate the remainder when 27141 is divided by 104.
101
Calculate the remainder when 2383 is divided by 1998.
385
Calculate the remainder when 3089 is divided by 63.
2
Calculate the remainder when 6606 is divided by 140.
26
Calculate the remainder when 23081 is divided by 11526.
29
What is the remainder when 29909 is divided by 32?
21
What is the remainder when 1453031 is divided by 9?
8
Calculate the remainder when 3067 is divided by 332.
79
What is the remainder when 22684 is divided by 249?
25
What is the remainder when 507 is divided by 111?
63
Calculate the remainder when 748712 is divided by 55.
52
Calculate the remainder when 44260 is divided by 52.
8
What is the remainder when 3083183 is divided by 35?
33
What is the remainder when 27660 is divided by 1201?
37
What is the remainder when 1622438 is divided by 47?
45
Calculate the remainder when 94559 is divided by 15.
14
Calculate the remainder when 21419 is divided by 2670.
59
What is the remainder when 38379 is divided by 186?
63
What is the remainder when 54312 is divided by 424?
40
Calculate the remainder when 26042 is divided by 263.
5
Calculate the remainder when 95505 is divided by 3.
0
Calculate the remainder when 30227 is divided by 219.
5
Calculate the remainder when 30799 is divided by 20.
19
What is the remainder when 10042 is divided by 27?
25
Calculate the remainder when 4803 is divided by 4683.
120
Calculate the remainder when 29998 is divided by 222.
28
What is the remainder when 25087 is divided by 61?
16
Calculate the remainder when 225487 is divided by 68.
67
What is the remainder when 14992 is divided by 2993?
27
Calculate the remainder when 2564 is divided by 220.
144
What is the remainder when 25246 is divided by 23?
15
Calculate the remainder when 669 is divided by 114.
99
What is the remainder when 2716 is divided by 270?
16
What is the remainder when 1489 is divided by 71?
69
What is the remainder when 6732 is divided by 56?
12
What is the remainder when 203891 is divided by 573?
476
Calculate the remainder when 1686482 is divided by 562156.
14
Calculate the remainder when 96574 is divided by 363.
16
Calculate the remainder when 412992 is divided by 2107.
20
What is the remainder when 43230 is divided by 10745?
250
What is the remainder when 26371 is divided by 1099?
1094
What is the remainder when 291 is divided by 10?
1
Calculate the remainder when 6397 is divided by 156.
1
What is the remainder when 2712 is divided by 339?
0
Calculate the remainder when 16382 is divided by 16375.
7
What is the remainder when 15028 is divided by 1781?
780
What is the remainder when 110322 is divided by 75?
72
Calculate the remainder when 267195 is divided by 267181.
14
Calculate the remainder when 4209 is divided by 9.
6
Calculate the remainder when 3211 is divided by 2145.
1066
What is the remainder when 14612 is divided by 14601?
11
What is the remainder when 17872 is divided by 18?
16
What is the remainder when 3548129 is divided by 606?
605
Calculate the remainder when 12849 is divided by 195.
174
Calculate the remainder when 26484 is divided by 153.
15
Calculate the remainder when 1018111 is divided by 41.
40
Calculate the remainder when 75766 is divided by 19.
13
Calculate the remainder when 1235 is divided by 319.
278
What is the remainder when 5167 is divided by 1356?
1099
Calculate the remainder when 45979 is divided by 110.
109
What is the remainder when 18728 is divided by 191?
10
What is the remainder when 1552762 is divided by 167?
163
Calculate the remainder when 431636 is divided by 264.
260
What is the remainder when 60924 is divided by 60905?
19
Calculate the remainder when 775 i